1000370 - 683319. Is j composite?
True
Suppose -30*t - 28 = 2. Is 57/38 - t/((-6)/(-18645)) composite?
False
Let m be ((-52)/39)/(2/(-27)). Is (-22316)/(-6)*(m/(-12) - -3) composite?
True
Suppose 0 = 5*l + l - 12. Suppose 0*a + 4*a = 2*j - 164, -l*a + 4 = 0. Let x = j - 33. Is x a prime number?
True
Let q(y) = 6*y**2 + y - 3. Suppose 3*n + 1 = -5. Let m = n + -2. Is q(m) a composite number?
False
Let f(s) = -135*s + 18 + 19 + 57*s - 86*s. Let g(h) = -109*h + 25. Let o(r) = 5*f(r) - 7*g(r). Is o(-7) composite?
False
Let q(b) = -176*b - 524. Let x be q(-3). Suppose 0*h = -h. Suppose -x*z - 10614 = -2*a - h*z, -a = 5*z - 5293. Is a prime?
True
Let r(p) = -p**2 + 5*p + 4. Let i(x) = x. Let v(j) = 6*i(j) - r(j). Let k be v(2). Suppose -k*l + 278 = -d - 3*d, l + d - 130 = 0. Is l composite?
True
Let y be -12*(-5 + 98/21). Suppose 2*s + 48 = -u + 547, -5*u + y*s = -2537. Is u composite?
True
Suppose 0 = c - 6*c + 265. Suppose -52*b - 4 = -c*b. Is (-162)/39 + b + 2058/26 a prime number?
True
Is 13041/(-2898) - (-1)/((-4)/(-416366)) a composite number?
False
Let i = -328380 - -659393. Is i composite?
False
Let j(a) = -79*a - 45. Let f(m) = m**3 + 25*m**2 - 53*m + 7. Let x be f(-27). Is j(x) composite?
True
Let i = 127407 + 428804. Is i prime?
True
Let f = 319 - 1782. Let l(y) = -9*y**2 - 78*y + 16. Let p be l(12). Let d = f - p. Is d composite?
True
Let n be 17 + (-2)/(-8)*0. Let w(k) = 17*k**2 + 12*k + 54. Is w(n) a prime number?
True
Let p = 43126 + 69939. Is p a prime number?
False
Let w = 7273 - -16327. Let x = w + -16076. Is (-2)/(-3)*x/24 composite?
True
Let h(o) = -2*o**2 - 10*o - 12. Let v be h(-3). Is (-5 - v) + (2372 - -16) prime?
True
Let s(v) = 2*v**2 - 8*v - 17. Suppose -4*l - 277 = 51. Let n be (1 - l/7) + 86/301. Is s(n) prime?
False
Suppose 11*g - 10*g + 9499 = b, 5*g + 3*b = -47487. Let a = g - -19899. Is a a prime number?
False
Let d(s) = s**3 - 5*s**2 - 5*s + 4. Let c be d(6). Suppose u = -c + 16. Is 419*(-3)/u*-2 composite?
False
Let z = 43000 + -1329. Is z a composite number?
True
Suppose -775*z - 746*z = -1498*z - 372209. Is z a composite number?
False
Suppose 4*v + 83062 = -5*i + 1410273, -331829 = -v - 10*i. Is v composite?
True
Suppose 0 = -6*u + 2*u + 4*q + 12, 3*u - 11 = 2*q. Suppose u*y + 3628 = 9*y. Suppose -v = -2*v + y. Is v prime?
True
Let n = -225 - -225. Suppose -7*s - 12*s + 19171 = n. Is s a composite number?
False
Suppose -101 = -4*f - 3*y, -2*f = -0*y - 2*y - 40. Suppose 11*c + f*c - 29002 = 0. Is c a composite number?
False
Suppose -4*j = -b + 209, -2*b + 430 = -0*b - 5*j. Let x = 2681 - b. Suppose 3*w + 5*w = x. Is w a prime number?
True
Suppose -367 = -3*i + 215. Suppose -92 = -2*z + i. Is 54171/z - 4/(-22) a composite number?
False
Suppose 0 = -4*b + 3*m + 153958 + 114410, -2*b - m = -134184. Suppose z = 13*z - b. Is z prime?
True
Let k = -100 - -103. Suppose 5*x = 2*s - 5917, -k*s - 3*x + 9012 = 105. Is s a prime number?
False
Let w be 4*(105/28 + -1). Is (-10 + w)*1661/1 prime?
False
Let j(m) = -m**2 - 21*m - 51. Let f be j(-3). Is (10/15*f)/((-2)/(-3557)) prime?
True
Let d(f) = 35*f**2 + 101*f + 377. Is d(-4) a composite number?
True
Suppose -6411 - 24524 = -5*g. Is g prime?
False
Let u = -5934 - 2096. Let i = u + 16809. Is i prime?
True
Let o(a) = 4*a - 41. Let c be o(10). Is (5 - 3)*c - -3825 a prime number?
True
Let j = 3 - -249. Suppose -3 = -0*f + f, 477 = -3*g + 2*f. Let x = j + g. Is x a composite number?
True
Suppose -y - 5*c + 7204 = 0, -21638 = -3*y + 12*c - 14*c. Is y composite?
True
Let p = 2456688 - 1493107. Is p composite?
False
Let d(z) = -31*z**2 - 7*z - 53. Let j(c) = -c**2 - c - 2. Let s(n) = -d(n) + 2*j(n). Is s(-4) composite?
True
Is (-32)/(-4) + (-741846)/(-8) + 42/(-24) composite?
False
Let u be -4 + (2 - -5152) - 4. Is u*-4*(-6)/48 a composite number?
True
Suppose -16*m = -225092 - 237490 - 123002. Is m a composite number?
False
Let s(p) = 979*p**2 + 39*p + 165. Let l(d) = 1959*d**2 + 78*d + 332. Let w(o) = 6*l(o) - 11*s(o). Is w(-5) a composite number?
True
Suppose y = -3*y + 16. Let f be 1/(2/(-188)*(-26)/169). Suppose 4*w - 1152 = -y*r, -3*w + w + 5*r = -f. Is w a prime number?
True
Suppose 0 = 5*v + 27 + 33. Is 2/6 + 1 - 35252/v composite?
False
Let p(s) be the second derivative of s**4/12 - 5*s**3/6 - 3*s**2/2 - 2*s. Let j be p(-3). Is ((-9228)/21)/((-6)/j) composite?
True
Let r be (0 - 1)/(3/(-30)). Suppose -8*o - 24910 + 78006 = 0. Suppose r*t + o - 33687 = 0. Is t composite?
True
Let h = 6035 + -2481. Is h composite?
True
Let d be (-1734818)/(-16) - (-10 - 648/(-64)). Suppose -5*x + 83744 = 4*c, -3*x - d + 3783 = -5*c. Is c composite?
True
Let h be (-1)/(6/(-18)) + -4. Is (h - -15)*154/28 composite?
True
Let f(v) = 267*v**3 - 20*v**2 + 7*v + 173. Is f(10) a composite number?
True
Let s(z) be the second derivative of z**6/180 + 3*z**5/40 + 5*z**4/12 + 10*z. Let a(h) be the third derivative of s(h). Is a(7) a prime number?
True
Let t = 35 + -30. Suppose 4*c - x = 16, t*c + 0*x = -2*x + 7. Let w(z) = -2*z**3 + 7*z**2 + 3*z - 7. Is w(c) composite?
False
Suppose 156*q - 15*q - 4546545 = 0. Is q a prime number?
False
Let c(d) = 3*d**3 - 4*d**2 - 4*d + 56. Let n be c(5). Suppose 171 - 1811 = -5*a - 3*k, a + 4*k = n. Is a a composite number?
False
Let o(n) = 2*n**3 - 20*n**2 + 36*n - 27. Suppose 0 = -0*l - 4*l + 3*k + 83, -l + 2*k = -27. Is o(l) a composite number?
True
Let h = 121 + -119. Suppose 22*f - h*q = 17*f + 14757, -f + q + 2949 = 0. Is f a composite number?
False
Suppose -4*r + 61*y = 63*y + 578, 0 = -2*r - 2*y - 292. Let s(c) = 106*c + 3. Let d be s(-4). Let m = r - d. Is m prime?
False
Is ((-2 + (-66177)/(-12))*-4)/(-1) prime?
True
Let r = 3735 + -2240. Suppose -6*s + 173 + r = 0. Is s a composite number?
True
Let t(r) = 304*r - 54 + 9 - 181*r + 292*r. Let m be t(10). Suppose 15*w - m = 14*w. Is w composite?
True
Suppose 49*l - 22*l - 518949 = -16938. Is l a composite number?
False
Is (-12)/4 - ((-256)/16 - 645754) prime?
False
Suppose -20 = 5*o, 0*h = 2*h - 3*o - 9228. Let b = h + -2555. Is b composite?
False
Suppose 3*h = 5*k + 30, -h - h = -10. Let b = 2 - k. Is 720/b - -1*1 a prime number?
False
Let f(u) = 10472*u + 95. Is f(3) composite?
False
Let n(w) = w**3 - 100*w**2 + 37*w + 51. Is n(103) a composite number?
True
Suppose 5*o = z - 269645 + 34276, 2*z - 2*o = 470706. Is z composite?
False
Suppose 0*t + 4*y = -8*t + 2536664, 2*t - 634166 = 5*y. Is t prime?
False
Suppose 8*y + 2581344 = 2*y. Let f be y/(-36) + (-2)/(-6). Suppose -3*j + 0*p + f = 4*p, 3*j - 11955 = -3*p. Is j a prime number?
True
Let f(k) = 8*k**2 + 6*k - 29. Let s be f(7). Let l = -117 + s. Suppose g + 5*x = 5*g - l, 2*g = -5*x + 174. Is g a composite number?
True
Let m(r) = 15*r**2 - 62*r - 670. Is m(-33) a prime number?
False
Let b(j) = -4*j + 50. Let n be b(12). Suppose 0*d = -2*d - n, 0 = 4*z - 2*d - 117198. Is z composite?
True
Suppose -3*t + 43*f = 42*f - 43187, 28784 = 2*t + 3*f. Is t a prime number?
False
Is (8501/(-4))/(10 + (-533)/52) a composite number?
False
Suppose 2*j - 3*h - 8 = 0, 3*j - 3*h = 4 + 2. Let x(y) = -32*y - 7. Let t be x(j). Is -28*(t/(-12) - -4) a composite number?
True
Let b = 217 + -215. Suppose b*z = r - 16511, 4*r - z = -3*z + 66084. Is r a composite number?
False
Suppose -2*z = 5*g - 1108, 3*z - 12 = -0*z. Suppose h = 3*j + 55, -4*j - g = 8*h - 12*h. Is h a prime number?
False
Suppose -159*b + 38921365 + 14623634 = 0. Is b prime?
True
Suppose -6*w + 52770 = -162832 - 153554. Is w prime?
False
Let o(y) be the first derivative of -9*y**2 - 151*y - 30. Is o(-26) a composite number?
False
Let x = -1256632 - -1958269. Is x prime?
False
Let t(s) = 2*s - 4. Let g be t(5). Let d(z) = -639*z - 70. Let o be d(-7). Suppose g*i = -i + o. Is i a composite number?
True
Let k(t) = 14*t**3 + 52*t**2 + 7*t - 6. Is k(7) a composite number?
False
Suppose 0 = -12*z + 67483 - 11575. Suppose 2*x - 2627 = z. Is x prime?
True
Let x(a) = a**3 - 2*a**2 - 5*a - 8. Let c be (-7)/(-3) + (-50)/(-30). Let k be x(c). Let f(y) = 136*y + 10. Is f(k) a composite number?
True
Let v(g) = -148*g + 7. Let l(z) = -445*z + 19. Let f(j) = -2*l(j) + 7*v(j). Is f(-10) composite?
False
Let f(o) = o**3 - o**2 - 17*o - 12. Let c be f(5). Suppose 4*z = c*z + 1909. Suppose k + l - 373 = 3*l, z = 5*k + l. Is k pr